 Let g(b) = 6*a(b) + 5*m(b). Is g(0) prime?
True
Suppose 3082 = 2*m + 4*c, 0*c = 4*m - c - 6119. Is m a composite number?
False
Let a(z) = -61*z + 1. Let b be a(1). Let h = -365 + 156. Let d = b - h. Is d prime?
True
Suppose 0 = 4*y - y. Suppose 0 = s - y - 5. Let q = 12 - s. Is q a composite number?
False
Suppose -t - 3*j + 182 = -114, 3*t - 909 = -2*j. Is t a composite number?
True
Is 48/12*(-382)/(-8) a prime number?
True
Is (-1*(5 - 3))/(2/(-39)) composite?
True
Is (11 + -10)/(2/110) composite?
True
Let s(b) = -2*b**3 + 21*b**2 - 16*b - 5. Is s(8) composite?
True
Suppose -4*g - 182 = 138. Let s = 69 - g. Is s composite?
False
Let j = 12 + -5. Let x = j - 5. Suppose -415 = -x*p + 3*a, -4*p + 0*a = 2*a - 870. Is p a prime number?
False
Let g = 12 + -5. Is g composite?
False
Let m = 3 + 0. Suppose -p = m*z - z + 1, 2*p = 2*z - 26. Is (474/p)/((-2)/3) a prime number?
True
Suppose 0 = -0*h - h - 2*s + 401, 3*s = 4*h - 1582. Is h prime?
True
Let t(v) = -v**3 - v**2 - 13*v - 7. Is t(-6) prime?
True
Suppose 5*t = b - 633, 2*t - 3165 = -5*b - 2*t. Is b prime?
False
Let z be 1 + 0 + 2 + 1. Suppose z*h - h - 78 = 0. Is 1/((-1)/1) + h a prime number?
False
Suppose 0*a + 5*a = -5*z - 145, 2 = -a. Let v = z + 146. Is v prime?
False
Is (-2)/((-8)/452 - 0) composite?
False
Let f be -5 + 5 - 652/(-2). Suppose -3*t + f = -256. Is t a composite number?
True
Suppose -4*x + 21 = 3*a, 4*a = -0*x - 2*x - 2. Suppose 0 = 4*c + 1 - x. Suppose -c*z + 43 = -25. Is z composite?
True
Let v = 185 + -102. Is v a composite number?
False
Suppose -2*c + 472 = -4*c. Let r = c - -427. Is r prime?
True
Let j(a) = 3*a**2 - 21*a - 1. Is j(12) a composite number?
False
Suppose 2*c + 2*u + 1339 = u, -4*c - 5*u - 2693 = 0. Let s = c + 1839. Suppose 4*t = 4*q + s, t + q = 4*q + 293. Is t a composite number?
False
Is (-6)/(-14) - 281408/(-112) prime?
False
Let k = 37 + -8. Let n = -19 - -39. Let i = k - n. Is i prime?
False
Let m = 8 + 5. Let r = 92 - m. Is r a composite number?
False
Let b be ((-2)/3)/(2/(-9)). Suppose -5*z + 3*s = 2 + 2, -2*s = -6. Is b - z/1 - -24 prime?
False
Suppose -5*h = -5*y - 9*h + 414, -y + 79 = -3*h. Is y composite?
True
Let d(m) = 2*m**3 + 2*m - 1. Let l be d(-2). Let n be (-346)/(-6) + 1/3. Let i = l + n. Is i prime?
True
Is (445 + 1)*(-10)/(-20) prime?
True
Let z(j) = 1475*j**2 - 5*j - 3. Is z(-1) a composite number?
True
Let y(u) be the third derivative of u**6/120 + u**5/5 + u**4/12 - u**3/3 + 8*u**2. Is y(-5) prime?
True
Let d = -818 + 1199. Is d composite?
True
Let s(x) be the third derivative of -x**6/120 + x**5/20 + x**4/6 + x**3/2 - 2*x**2. Let v be s(4). Is v - 6 - (-72)/1 a prime number?
False
Let k(j) = -j**2 + 6*j - 3. Let f(r) = r**2 - r + 6. Let u be f(0). Let m be k(u). Let d(h) = -5*h. Is d(m) a prime number?
False
Suppose 3*a - 4*l - 262 = -9*l, -2*l = 2*a - 176. Is a prime?
True
Let q(r) be the first derivative of -r**4/4 + r**2 + 4*r - 3. Is q(-5) a prime number?
False
Suppose -4*g - 222 = 2*h, 0*g = h - 2*g + 91. Let a(y) = 63*y. Let s be a(-1). Let w = s - h. Is w a composite number?
True
Suppose 4*s - 17310 = -2*s. Is s a composite number?
True
Let n(r) = -2*r + 7. Let b be n(5). Is 122*(0 - 3/b) a composite number?
True
Let o be 3/(27/(-21))*3. Is 2/(-7) + (-247)/o composite?
True
Suppose 0*g - 4*g - 10 = -5*b, 0 = 2*b + 5*g + 29. Let u be 1 + b + 2*-1. Is u + 2 + -1 - -15 a composite number?
False
Let x be 1/(-4) - (-105)/(-12). Let u = x - -6. Is 3/(u/(-78)*2) prime?
False
Let r(n) = n**3 - 3*n**2 - 2*n - 3. Let w be r(4). Suppose 0 = 3*v + w*h + 26, -5*v - h - 18 = h. Is 23*(3 + v + 2) prime?
False
Suppose 26*p - 201 = 23*p. Is p prime?
True
Let w(c) = -c**3 - 2*c**2 + 2*c - 7. Let f be w(-3). Let p = 264 + -140. Is p + f/(-2) + 1 a composite number?
False
Suppose -91 - 79 = -5*d. Is d + (-3 + 5 - 1) a prime number?
False
Suppose w = -0*w - 6. Is ((-37)/(-2))/((-3)/w) a prime number?
True
Suppose 2*q - 4*q + 25 = 3*o, 0 = -5*o - 3*q + 41. Let b(v) = 6*v - 5. Is b(o) prime?
True
Suppose 36*f = 35*f + 2819. Is f composite?
False
Suppose 0*i - i = 0. Suppose i*v - 76 = -v. Suppose 3*y = 307 - v. Is y composite?
True
Let a = 70 + -38. Suppose 2*p = -3*r + 18, 5*p + 5*r = 4*r + a. Is (2/p)/(2/276) prime?
False
Let u = 16 + -11. Suppose -6*v - u*a + 148 = -4*v, 4*a + 130 = 2*v. Is v prime?
False
Let f(x) = -3*x**3 - 10*x**2 - 7*x - 4. Is f(-6) a composite number?
True
Suppose 2*s - 131 = r, 184 = 3*s - 4*r - 0*r. Let g = 59 + s. Is g composite?
False
Suppose n = -5 + 4. Is -1 + 3 - (n - 376) a composite number?
False
Let z(l) = -l + 3. Let b = -13 - -7. Is z(b) prime?
False
Let r(m) = -86*m**3. Let a be r(-1). Let w = a - 59. Suppose -74 = -t - w. Is t a composite number?
False
Let b(t) = -t + 4. Let a be b(5). Let k = 46 + a. Suppose -d = 3*s - 8*s + 10, -2*d - 3*s + k = 0. Is d prime?
False
Let t(c) = -c**3 + c**2 + c + 8. Let h be t(0). Let x be (3 + -2 - 0)*3. Suppose -x*u - u = -h. Is u composite?
False
Let a(m) = -m + 7. Let d be a(7). Let y = d + -1. Is ((-1)/y*526)/2 prime?
True
Suppose 0 = -3*l - 99 + 726. Is l a prime number?
False
Let f = -92 + 219. Is f composite?
False
Let r(s) = 4*s + 11. Suppose 4*p + h - 4*h - 33 = 0, -4*h - 41 = -5*p. Is r(p) composite?
False
Suppose 6*h - 582 = 4*h. Is h a prime number?
False
Let c be 2*1 + -1 + 1. Suppose -3*a = -c*a + 6. Let b(m) = -3*m + 1. Is b(a) composite?
False
Let y(k) = -70*k**3 - k**2 + 3*k + 1. Let j be y(-3). Suppose 4*s + q - 1098 - 407 = 0, 5*s - j = -4*q. Is s a composite number?
True
Suppose 18 = -3*i + 2*i - 3*m, 3*m + 15 = 0. Let z(a) = -a**3 - a**2. Let d(x) = 4*x**3 + 8*x**2 + 7*x + 4. Let p(g) = i*z(g) - d(g). Is p(-5) composite?
False
Let k be -10*2*(-3)/6. Suppose -4*m + 2*m - 4*s + 308 = 0, 0 = -2*s + k. Suppose 2*y - m = 5*o, y = -2*y - 2*o + 197. Is y a prime number?
True
Let t(y) = y - 5. Let z be t(4). Is (1/z)/((-2)/42) a composite number?
True
Let l(o) = 2*o - 5. Let a = -7 - -11. Let c be l(a). Suppose -k - c*k = -5*t - 184, 0 = -4*k + 2*t + 196. Is k a prime number?
False
Let r(i) = 53*i - 2. Suppose 16 = 4*u, 3*p + 1 - 28 = -3*u. Is r(p) a prime number?
True
Let v(f) = f + 10*f**2 + 5 - 4*f**3 + 5*f**3 + 2. Is v(-8) a prime number?
True
Let z(x) be the second derivative of 19*x**5/10 - x**4/6 - x**3/2 + 3*x**2/2 + 2*x. Is z(2) a composite number?
False
Is -307*(-3 - 2*(4 - 5)) prime?
True
Suppose 3*f + 2 = 8. Suppose f*n - 2*k = -5*k + 125, 0 = -4*n + k + 271. Is n a prime number?
True
Let o be 2/(-4)*-6*53. Let h = 236 - o. Is h a prime number?
False
Suppose 0*v = 5*v + 385. Let k = v + 174. Is k a composite number?
False
Let y = -160 - -1275. Is y a composite number?
True
Suppose 21*y - 12871 = 4580. Is y prime?
False
Let r(b) = -167*b - 2. Let f be r(-1). Suppose 0 = i + 4*i - f. Is i composite?
True
Let v(i) = 8*i**2 + 2*i + 1. Let b be v(-1). Let c = -5 + b. Suppose 26 = c*f + 5*h, 5*f = 4*h + 44 + 87. Is f composite?
False
Let j(t) = 35*t - 6. Let f(v) = 69*v - 12. Let x(r) = -6*f(r) + 11*j(r). Let b be x(-9). Suppose z - 4*z + b = 0. Is z prime?
True
Let n = 11 - 7. Suppose 3*z - 21 = n*s, -s + 35 = z + 4*z. Is z a composite number?
False
Let x(b) = -b**3 - 1. Let l be 32/10 + 4/(-20). Let m be x(l). Is (m/(-6))/((-8)/(-132)) a composite number?
True
Suppose -852 = -0*h - 6*h. Is h composite?
True
Suppose 4*z + 2*y - 756 = 0, -2*z + 3*y + 2*y = -402. Is z prime?
True
Suppose 4*t - 2*h - 214 = 0, -4*t + 205 = -4*h - 11. Is t a prime number?
True
Let q = 271 + -97. Suppose -q = 8*o - 10*o. Is o a prime number?
False
Let k(y) = -y**3 - 2*y**2 - y + 1. Let t(d) be the third derivative of -d**5/30 + d**4/6 - d**3/3 - d**2. Let b be t(2). Is k(b) a prime number?
True
Let x be (-1)/(-3) - (-103)/(-3). Let t = x - -18. Let j = t + 27. Is j a composite number?
False
Suppose 423 = 3*i - 498. Is i a prime number?
True
Let u be 10/(-2*(-3)/42). Let x = u + -23. Let b = x + 0. Is b a composite number?
False
Suppose -26 = 3*t - 140. Let d = t - 4. Is d a composite number?
True
Suppose 8 + 112 = -2*k. Let o be (-8)/(k/33 + 2). Let s = -7 - o. Is s composite?
False
Let u(v) = 2*v**3 - 9*v**2 - v + 11. Is u(10) composite?
True
Let f = 591 - 340. Suppose -p + f = -68. Is p composite?
True
Suppose 2*n = 1649 + 653. Is n prime?
True
Is (5/(-2))/(1/(-22)) prim